662873 composite?
True
Is 4016033 a prime number?
False
Is 4730793 a prime number?
False
Is 31588603 a composite number?
False
Is 90528359 a prime number?
True
Is 1531645 prime?
False
Is 1522643701 a prime number?
True
Is 113561713 a prime number?
False
Is 88671433 composite?
True
Is 6968779 prime?
False
Is 5345401 composite?
False
Is 180995377 a prime number?
False
Is 31213229 prime?
False
Is 131585 composite?
True
Is 441229 a composite number?
False
Is 8586673 composite?
True
Is 1188377 prime?
True
Is 237033083 a composite number?
True
Is 3030931 a composite number?
False
Is 43778762 prime?
False
Is 7197323 a composite number?
True
Is 2138657 composite?
False
Is 248132627 a prime number?
True
Is 2084738 composite?
True
Is 896837 a composite number?
False
Is 545943553 a composite number?
True
Is 35459129 prime?
True
Is 3380989 a composite number?
True
Is 179791681 a composite number?
False
Is 5718463 a composite number?
True
Is 14042543 a prime number?
False
Is 38170129 a composite number?
True
Is 1407093 composite?
True
Is 287488211 a composite number?
False
Is 1354471 prime?
True
Is 85261717 a composite number?
True
Is 48066533 a composite number?
True
Is 69212827 prime?
True
Is 19544909 prime?
False
Is 107353043 a composite number?
True
Is 24949055 composite?
True
Is 9246551 prime?
True
Is 5999417 a prime number?
True
Is 322328263 composite?
True
Is 42908191 a composite number?
True
Is 16864159 prime?
False
Is 5234258 a composite number?
True
Is 23648935 a prime number?
False
Is 1561939 prime?
False
Is 6820711 prime?
True
Is 210499946 a prime number?
False
Is 10015877 composite?
False
Is 6306037 a composite number?
True
Is 43524269 composite?
True
Is 7082723 a composite number?
False
Is 3557327 composite?
False
Is 309611473 prime?
True
Is 63937759 a prime number?
False
Is 8728145 a composite number?
True
Is 220955557 composite?
False
Is 351096601 composite?
False
Is 136495 a prime number?
False
Is 1123141 composite?
True
Is 31855781 a prime number?
True
Is 21126071 a composite number?
True
Is 7096049 a prime number?
True
Is 67812491 a prime number?
True
Is 12709129 prime?
False
Is 19979327 prime?
True
Is 446916721 a composite number?
False
Is 656951 a prime number?
True
Is 1555343 prime?
True
Is 174195877 a composite number?
False
Is 3162413 composite?
False
Is 1239103 composite?
False
Is 17029487 prime?
True
Is 336143 a composite number?
False
Is 172959 a prime number?
False
Is 11737267 a prime number?
False
Is 132280607 composite?
True
Is 428273 prime?
True
Is 113120377 composite?
False
Is 93348271 composite?
False
Is 9868231 a composite number?
True
Is 91887119 a prime number?
False
Is 89664943 composite?
False
Is 7736558 composite?
True
Is 1497253 a composite number?
False
Is 14173307 a prime number?
True
Is 5113723 a composite number?
True
Is 406859 composite?
False
Is 3341161 prime?
True
Is 8268419 composite?
False
Is 147853 a composite number?
False
Is 5080529 a prime number?
True
Is 3054283 composite?
False
Is 35502977 a prime number?
False
Is 173774021 prime?
False
Is 22830757 prime?
False
Is 9813 composite?
True
Is 148191899 a composite number?
False
Is 46482023 a prime number?
False
Is 7730571 a prime number?
False
Is 47189029 prime?
False
Is 100070987 a prime number?
False
Is 53455895 composite?
True
Is 44683 prime?
True
Is 1201141 composite?
False
Is 15031699 a composite number?
False
Is 77903697 composite?
True
Is 2443583 a composite number?
False
Is 40797749 a prime number?
True
Is 70001531 prime?
False
Is 27700331 composite?
False
Is 41488189 a prime number?
True
Is 3405803 a prime number?
True
Is 5748539 a prime number?
False
Is 40058693 prime?
True
Is 6946859 a prime number?
False
Is 54357603 composite?
True
Is 2345389 a prime number?
False
Is 6598777 prime?
True
Is 1235239 prime?
True
Is 28832569 prime?
True
Is 24539897 composite?
False
Is 389537 composite?
True
Is 362009093 a composite number?
False
Is 133072717 prime?
False
Is 47772667 a prime number?
False
Is 31448141 a composite number?
False
Is 30086003 prime?
True
Is 23560913 a prime number?
False
Is 318916201 a composite number?
False
Is 4533233 prime?
False
Is 299696711 prime?
True
Is 378399993 composite?
True
Is 11121763 a composite number?
False
Is 3680221 a prime number?
False
Is 71062 a composite number?
True
Is 7463147 composite?
False
Is 7217857 composite?
True
Is 82699 a prime number?
True
Is 3158069 a composite number?
False
Is 20833637 prime?
False
Is 3582967 composite?
False
Is 1933301 a prime number?
True
Is 21410731 prime?
True
Is 66793423 a prime number?
True
Is 6627113 composite?
False
Is 52636699 composite?
False
Is 262529 a prime number?
False
Is 733072361 a composite number?
True
Is 6335171 prime?
True
Is 6575249 a prime number?
False
Is 1113713 a composite number?
False
Is 12151927 a composite number?
False
Is 12987707 prime?
True
Is 22207973 composite?
False
Is 49180297 prime?
True
Is 9243541 composite?
True
Is 10020529 composite?
True
Is 99002801 a prime number?
False
Is 73402937 a prime number?
True
Is 39191 prime?
True
Is 11156359 a prime number?
False
Is 2870249 prime?
True
Is 32340163 composite?
True
Is 5466621 composite?
True
Is 3965629 prime?
True
Is 341872397 prime?
False
Is 58414319 a prime number?
False
Is 1543391 a prime number?
True
Is 1418239 a prime number?
True
Is 5260529 composite?
False
Is 523799 prime?
False
Is 1796941 a prime number?
True
Is 2601817 composite?
False
Is 1627453 composite?
True
Is 4919839 a composite number?
False
Is 8853281 prime?
False
Is 803362547 prime?
False
Is 26730787 a prime number?
False
Is 191689801 prime?
False
Is 94043489 prime?
True
Is 2223731 a prime number?
True
Is 69484693 prime?
True
Is 27567899 prime?
True
Is 5222597 prime?
True
Is 1134881 a composite number?
True
Is 11435423 a prime number?
False
Is 906073 a prime number?
False
Is 1619317 a prime number?
False
Is 13620341 a prime number?
False
Is 1218685301 a composite number?
False
Is 8913391 a composite number?
False
Is 13195913 a prime number?
True
Is 5292334 composite?
True
Is 129661369 a prime number?
True
Is 8998609 prime?
False
Is 23333743 prime?
True
Is 1890089 a composite number?
False
Is 899611 a composite number?
False
Is 87171941 a composite number?
True
Is 58123939 prime?
True
Is 21630991 composite?
False
Is 226087 a composite number?
False
Is 11734043 composite?
False
Is 62533109 a prime number?
False
Is 1559961023 composite?
False
Is 500363 composite?
False
Is 1373249 a composite number?
True
Is 4839797 composite?
False
Is 16194887 a composite number?
True
Is 3812759 a prime number?
True
Is 4987717 a composite number?
True
Is 18545167 a prime number?
False
Is 36409511 a prime number?
True
Is 520813 composite?
False
Is 4887121 prime?
False
Is 58147631 a prime number?
True
Is 24648233 a composite number?
True
Is 299011 composite?
False
Is 54364781 prime?
True
Is 640322107 a prime number?
True
Is 745379 prime?
True
Is 2439341 a composite number?
False
Is 4212049 a prime number?
False
Is 31784699 prime?
False
Is 1671409 prime?
False
Is 41234939 a prime number?
True
Is 248137 composite?
False
Is 1044991081 a prime number?
False
Is 32111621 a prime number?
False
Is 21250171 composite?
False
Is 86703101 prime?
True
Is 2961911 prime?
False
Is 48861077 a prime number?
False
Is 1451831 a composite number?
False
Is 305088439 a prime number?
False
Is 752887501 a prime number?
False
Is 903840007 a composite number?
True
Is 73513267 prime?
False
Is 257685143 a prime number?
True
Is 10565129 prime?
False
Is 617689409 prime?
True
Is 26835091 composite?
False
Is 6535343 prime?
True
Is 17198751 prime?
False
Is 4746643 prime?
False
Is 71253839 a composite number?
True
Is 11885597 prime?
True
Is 379540373 prime?
True
Is 525457 a composite number?
False
Is 80934163 a composite number?
False
Is 786101 composite?
True
Is 1238227 a prime number?
False
Is 1238417 prime?
False
Is 464827 composite?
True
Is 9531757 a composite number?
False
Is 1289728249 prime?
True
Is 82283727 prime?
False
Is 2196507 a composite number?
True
Is 4713497 a composite number?
True
Is 13999871 a composite number?
False
Is 3684302 composite?
True
Is 88855667 a prime number?
True
Is 1680401 composite?
False
Is 5643361 a composite number?
True
Is 14282591 a composite number